28461 composite?
False
Is 14687 a composite number?
True
Is 386609 prime?
True
Is 7418 a prime number?
False
Is 893405 a prime number?
False
Is 45221 a composite number?
True
Is 16033 composite?
False
Is 233477 a prime number?
True
Is 144961 composite?
False
Is 14713 a prime number?
True
Is 12403 composite?
True
Is 14939 a prime number?
True
Is 7279 a composite number?
True
Is 8147 a prime number?
True
Is 1137595 composite?
True
Is 51047 prime?
True
Is 50033 a prime number?
True
Is 11182 a composite number?
True
Is 3607 a prime number?
True
Is 67391 prime?
True
Is 716153 a prime number?
False
Is 8997 prime?
False
Is 705197 a composite number?
False
Is 283669 prime?
True
Is 109961 composite?
False
Is 977923 a composite number?
False
Is 1998199 composite?
True
Is 55865 a composite number?
True
Is 261271 composite?
False
Is 21967 composite?
True
Is 10343 composite?
False
Is 33443 a prime number?
False
Is 12797 a prime number?
False
Is 52867 a prime number?
False
Is 79801 a composite number?
False
Is 3252523 a prime number?
True
Is 1510337 a composite number?
False
Is 30257 prime?
False
Is 4853 a prime number?
False
Is 8081 a composite number?
False
Is 10211 a prime number?
True
Is 193277 a composite number?
True
Is 18173 a composite number?
True
Is 86747 a composite number?
True
Is 88481 prime?
False
Is 872429 a prime number?
True
Is 3649 composite?
True
Is 6439 composite?
True
Is 677 a composite number?
False
Is 351865 prime?
False
Is 101999 prime?
True
Is 31157 composite?
True
Is 40709 composite?
False
Is 97466 a prime number?
False
Is 45919 a prime number?
False
Is 46919 a prime number?
True
Is 782369 prime?
False
Is 11299 a composite number?
False
Is 95083 composite?
False
Is 61961 a prime number?
True
Is 850391 prime?
False
Is 181243 prime?
True
Is 249785 composite?
True
Is 1334273 a composite number?
False
Is 1126313 a prime number?
True
Is 8147 composite?
False
Is 45718 prime?
False
Is 21785 a composite number?
True
Is 5483 a composite number?
False
Is 3587 a prime number?
False
Is 42647 composite?
True
Is 65789 a composite number?
False
Is 637223 a composite number?
True
Is 17533 a composite number?
True
Is 1151 a prime number?
True
Is 72689 prime?
True
Is 39011 a prime number?
False
Is 852791 a composite number?
True
Is 397 prime?
True
Is 102101 a composite number?
False
Is 323983 composite?
True
Is 28895 prime?
False
Is 12799 composite?
False
Is 230531 a prime number?
False
Is 1843721 prime?
False
Is 58213 a prime number?
False
Is 14761 a composite number?
True
Is 12011 a composite number?
False
Is 1257 a composite number?
True
Is 187618 prime?
False
Is 6187 a prime number?
False
Is 2288917 a composite number?
True
Is 2237 prime?
True
Is 692843 a composite number?
True
Is 893053 prime?
False
Is 5935 composite?
True
Is 114883 composite?
False
Is 294859 composite?
False
Is 60511 a composite number?
True
Is 1009 a composite number?
False
Is 33247 a prime number?
True
Is 218249 composite?
False
Is 905249 prime?
True
Is 100399 composite?
True
Is 633287 composite?
False
Is 17899 a prime number?
False
Is 119083 a prime number?
True
Is 90491 prime?
False
Is 1170661 prime?
True
Is 3161 composite?
True
Is 416231 a composite number?
True
Is 1939891 prime?
True
Is 9199 composite?
False
Is 150281 a composite number?
True
Is 14233 composite?
True
Is 200227 composite?
False
Is 2736317 a prime number?
True
Is 18053 prime?
False
Is 2831735 a composite number?
True
Is 144817 prime?
True
Is 379 a prime number?
True
Is 9194 a prime number?
False
Is 6459 a prime number?
False
Is 862337 a prime number?
False
Is 105319 prime?
True
Is 83497 a prime number?
True
Is 7223 composite?
True
Is 6037 composite?
False
Is 14029 prime?
True
Is 6247 prime?
True
Is 159 prime?
False
Is 142741 a composite number?
True
Is 11777 a composite number?
False
Is 206761 composite?
True
Is 249329 composite?
False
Is 21797 prime?
False
Is 20849 prime?
True
Is 2483 a prime number?
False
Is 1000273 a prime number?
True
Is 5163 a prime number?
False
Is 52853 a prime number?
False
Is 56843 composite?
False
Is 49 a prime number?
False
Is 65407 composite?
False
Is 9481 a composite number?
True
Is 13223 a composite number?
True
Is 611323 prime?
True
Is 75871 prime?
False
Is 25439 a composite number?
False
Is 8803 a prime number?
True
Is 4033 a composite number?
True
Is 2003 composite?
False
Is 4499 a composite number?
True
Is 341 composite?
True
Is 2633023 composite?
False
Is 186646 a prime number?
False
Is 479701 a composite number?
False
Is 498059 a composite number?
True
Is 309811 prime?
True
Is 11197 composite?
False
Is 1272489 prime?
False
Is 54097 prime?
False
Is 469009 a composite number?
False
Is 587 a composite number?
False
Is 1728559 a composite number?
True
Is 1973 a prime number?
True
Is 7387 prime?
False
Is 116789 a composite number?
False
Is 19661 a composite number?
False
Is 10729 prime?
True
Is 419 composite?
False
Is 96553 a composite number?
False
Is 30341 composite?
False
Is 269 composite?
False
Is 1698823 a composite number?
True
Is 75713 a prime number?
False
Is 9793 a prime number?
False
Is 48359 a composite number?
True
Is 6009995 composite?
True
Is 30341 a composite number?
False
Is 799203 composite?
True
Is 24559 composite?
True
Is 679889 a prime number?
False
Is 230513 prime?
False
Is 35591 a composite number?
False
Is 6469 prime?
True
Is 53255 a prime number?
False
Is 715111 a prime number?
False
Is 10007 a prime number?
True
Is 244109 a composite number?
False
Is 91847 composite?
True
Is 11963 composite?
True
Is 165653 composite?
False
Is 519577 a composite number?
False
Is 12569 a prime number?
True
Is 4381 composite?
True
Is 1353167 a prime number?
False
Is 374051 prime?
False
Is 597911 a composite number?
True
Is 10666 a composite number?
True
Is 10294 composite?
True
Is 50243 composite?
True
Is 41333 composite?
False
Is 8891 composite?
True
Is 531569 prime?
True
Is 1956583 prime?
True
Is 25871 prime?
False
Is 273431 composite?
True
Is 52763 a prime number?
False
Is 749 composite?
True
Is 486131 composite?
True
Is 48803 a prime number?
False
Is 36881 composite?
True
Is 7669 prime?
True
Is 405781 a composite number?
False
Is 23143 prime?
True
Is 101999 a composite number?
False
Is 128959 a prime number?
True
Is 535918 a prime number?
False
Is 70271 composite?
False
Is 17473 a composite number?
True
Is 295 a prime number?
False
Is 217441 composite?
True
Is 33477 a prime number?
False
Is 13987 composite?
True
Is 522731 composite?
True
Is 2611 a composite number?
True
Is 10297 a prime number?
False
Is 13133 a prime number?
False
Is 3221 a prime number?
True
Is 35669 composite?
True
Is 23857 a composite number?
False
Is 23942 a prime number?
False
Is 5998 composite?
True
Is 39731 prime?
False
Is 1977551 a composite number?
False
Is 20779 composite?
True
Is 6082 prime?
False
Is 68977 composite?
True
Is 3277 a prime number?
False
Is 8921 prime?
False
Is 76565 a prime number?
False
Is 28189 composite?
True
Is 24499 prime?
True
Is 662 composite?
True
Is 219707 composite?
False
Is 27329 a prime number?
True
Is 235511 composite?
True
Is 8329 prime?
True
Is 2939 a prime number?
True
Is 120473 composite?
False
Is 16493 a prime number?
True
Is 674257 prime?
False
Is 3047927 composite?
True
Is 78773 a prime number?
False
Is 40769 composite?
True
Is 27959 composite?
True
Is 485543 a prime number?
True
Is 156803 prime?
False
Is 221807 composite?
False
Is 8219 a composite number?
False
Is 257137 a composite number?
True
Is 21265 composite?
True
Is 70949 a prime number?
True
Is 19577 prime?
True
Is 279493 prime?
False
Is 2767 composite?
False
Is 14737 prime?
True
Is 34601 prime?
False
Is 71873 prime?
False
Is 89 prime?
True
Is 23315 composite?
True
Is 159067 a prime number?
False
Is 22007 a prime number?
False
Is 30427 a prime number?
True
Is 210347 a prime number?
True
Is 42899 prime?
True
Is 3901121 composite?
True
Is 32309 prime?
True
Is 732611 composite?
True
Is 25735 composite?
True
Is 237791 prime?
True
Is 12869 composite?
True
Is 2333 composite?
False
Is 24407 a prime number?
True
Is 72269 a composite number?
False
Is 71897 a prime number?
False
Is 138665 composite?
True
Is 101863 prime?
True
Is 29447 a prime number?
False
Is 2000045 prime?
False
Is 317483 composite?